**2 - 5*i - 16. What is b(-4)?
52
Let u(j) = 2*j**2 + 12*j + 26. Determine u(-3).
8
Let x(h) = -5*h - 1. Give x(-6).
29
Let x(l) = 4*l**3 - 5*l**2 - 5*l + 13. Give x(2).
15
Let a(w) = -w**3 - 6*w**2 + 4*w - 17. Calculate a(-8).
79
Let q(m) = 3*m - 4. Calculate q(-8).
-28
Let n(d) = -d**2 - 48*d + 590. Give n(-58).
10
Let g(i) = -3*i**2 - 4*i - 9. Give g(-3).
-24
Let y(k) = k**3 + 19*k**2 - 21*k - 20. Give y(-20).
0
Let x(j) = j**2 + 4*j - 13. What is x(-7)?
8
Let v(z) = z**3 - 3*z**2 + 2*z + 3. Determine v(0).
3
Let p(s) = s**2 - 12*s + 15. Calculate p(10).
-5
Let n(z) = -8*z - 18. Give n(-5).
22
Let w(z) = 2*z**2 + 3*z + 1. What is w(4)?
45
Let v(w) = -w**3 - 11*w**2 - 13*w + 3. Calculate v(-9).
-42
Let u(l) = -l**2 - 2*l + 4. Calculate u(4).
-20
Let k(f) = -f**2 + 2*f - 7. Calculate k(3).
-10
Let p(j) = j**2 + 4*j - 217. Calculate p(14).
35
Let r(z) = -z - 6. Determine r(-10).
4
Let s(n) = n**2 - 21*n - 201. Determine s(28).
-5
Let n(f) = -f**3 - 2*f**2 + 7*f - 1. Give n(2).
-3
Let x(m) = -8*m**2 + m. What is x(-1)?
-9
Let z(h) = 25*h**3 + h**2 + h + 1. Calculate z(2).
207
Let h(w) = -w**2 + 10*w - 29. What is h(6)?
-5
Let m(q) = -q**2 - q + 12. Give m(-5).
-8
Let y(p) = 2*p**2 + 49*p - 64. Calculate y(-26).
14
Let g(b) = -10*b - 1. Give g(3).
-31
Let c(a) = -4*a**3 - 2*a**2 + 1. Calculate c(-1).
3
Let y(i) = 18*i + 105. Give y(-6).
-3
Let i(f) = 2*f**3 - 17*f**2 - 4*f + 16. Give i(9).
61
Let s(f) = -19*f + 146. Determine s(8).
-6
Let s(t) = -7*t - 27. Give s(-4).
1
Let l(h) = -h**2 + 20*h - 84. Give l(6).
0
Let d(k) = k**3 + 4*k**2 - 5*k. What is d(-5)?
0
Let d(o) = 19*o**2 + o + 2. Determine d(2).
80
Let f(q) = -12*q + 25. Determine f(-3).
61
Let k(x) = -x**2 + x + 7. Calculate k(7).
-35
Let p(q) = 2*q**2 + 3*q - 10. Give p(-6).
44
Let g(p) = p**3 - 3*p**2 + 2*p + 1. Calculate g(3).
7
Let y(s) = s**3 + 4*s**2 - 11*s + 8. Give y(-6).
2
Let l(f) = -f**3 + 6*f**2 + 2*f + 1. Give l(6).
13
Let o(j) = -5*j - 5. Calculate o(-4).
15
Let s(v) = v**3 - 22*v**2 + 22*v - 30. Calculate s(21).
-9
Let j(a) = -16*a - 430. Determine j(-28).
18
Let o(i) = -2*i + 25. What is o(9)?
7
Let p(s) = -s**3 + 19*s**2 - 8*s + 61. Calculate p(19).
-91
Let v(m) = m**3 - 27*m**2 - 27*m - 23. Determine v(28).
5
Let a(n) = -n**3 - 8*n**2 - 16*n - 15. Calculate a(-6).
9
Let g(n) = -n**2 - 8*n + 25. Determine g(3).
-8
Let p(m) = m**3 - 23*m**2 - 21*m - 47. Calculate p(24).
25
Let q(v) = v**3 - 5*v**2 + 6*v. Calculate q(4).
8
Let q(g) = g**2 - g - 37. Give q(-6).
5
Let a(o) = -o**3 + 6*o**2 + 6*o - 5. Give a(7).
-12
Let g(j) = j**2 + 13*j + 38. Calculate g(-10).
8
Let p(t) = -t**3 - 3*t**2 + 2*t - 4. What is p(-3)?
-10
Let j(g) = -18*g + 1495. Determine j(83).
1
Let u(r) = -60*r - 364. Give u(-6).
-4
Let d(h) = h. Give d(6).
6
Let z(f) = -19*f + 12. Give z(2).
-26
Let n(h) = -h**2 + 4*h + 16. What is n(5)?
11
Let w(g) = -g**3 + 7*g**2 + 16*g - 59. Determine w(8).
5
Let p(w) = -w**3 + 7*w**2 - 10*w + 8. Calculate p(5).
8
Let q(v) = -66*v + 1584. Determine q(24).
0
Let z(c) = c**3 - 7*c**2 - 3*c + 15. What is z(7)?
-6
Let k(p) = -2*p**3 + 6*p**2 + 4*p + 3. Determine k(6).
-189
Let p(y) = y**3 - 4*y**2 + 4. Give p(3).
-5
Let z(s) = -s**2 + 5*s - 9. Determine z(7).
-23
Let h(v) = v**3 - v**2 - 9*v - 6. What is h(-3)?
-15
Let g(x) = -3*x - 13. Calculate g(-6).
5
Let o(x) = x**3 - 11*x**2 - 1. What is o(11)?
-1
Let x(n) = 4*n**2 - 36*n - 1. Calculate x(9).
-1
Let k(u) = -u**2 - 29*u - 91. Determine k(-25).
9
Let k(i) = -2*i**2 - 11*i - 36. What is k(-6)?
-42
Let f(n) = n**2 - 11*n - 20. Give f(15).
40
Let y(k) = -k**2 - k + 2. Give y(0).
2
Let b(g) = -8*g + 1. Determine b(-5).
41
Let o(x) = 2*x + 3. Give o(14).
31
Let h(d) = -d**3 - 11*d**2 - 5*d + 12. Determine h(-10).
-38
Let t(j) = j**3 - 16*j**2 + 28*j + 16. What is t(14)?
16
Let b(t) = -t**2 - 27*t + 372. Give b(-37).
2
Let c(u) = u**3 - 24*u**2 + 20*u + 74. Calculate c(23).
5
Let j(p) = p**3 - 4*p**2 - 15*p - 4. Determine j(7).
38
Let o(c) = -4*c + 5. What is o(16)?
-59
Let n(p) = -p**2 + 11*p - 40. What is n(9)?
-22
Let t(u) = 23*u + 33. Calculate t(-1).
10
Let q(i) = -6*i**2 + 7*i - 1. What is q(2)?
-11
Let j(g) = -g**2 - 30*g - 103. Give j(-26).
1
Let z(g) = g**3 + 12*g**2 + 10*g + 9. What is z(-11)?
20
Let u(a) = -135*a - 399. Determine u(-3).
6
Let x(q) = 2*q + 7. Calculate x(6).
19
Let z(w) = 4*w**3 - 68*w**2 + 5*w - 85. Give z(17).
0
Let c(j) = j**3 - 10*j**2 + 9*j + 12. Calculate c(8).
-44
Let c(q) = 3*q - 101. Calculate c(29).
-14
Let c(x) = -x**2 + 7*x - 15. Calculate c(0).
-15
Let t(h) = h**2 + 17*h + 8. Determine t(-14).
-34
Let x(m) = -m**2 - 18*m - 21. Determine x(-17).
-4
Let d(r) = -3*r + 3. What is d(4)?
-9
Let r(w) = -w**3 - 20*w**2 - 37*w - 7. Calculate r(-18).
11
Let p(t) = -t**2 + 4*t - 5. Calculate p(0).
-5
Let s(f) = 2*f**2 - 10*f + 3. What is s(6)?
15
Let k(z) = 4*z - 5. What is k(1)?
-1
Let j(b) = -5*b + 5. Give j(5).
-20
Let o(v) = 3*v**2 - 3*v - 1. Calculate o(3).
17
Let u(h) = 11*h - 4. Give u(1).
7
Let d(y) = -12*y + 1. Determine d(-2).
25
Let f(s) = s**3 + 8*s**2 - 23*s - 19. Determine f(-10).
11
Let z(v) = v**2 + 5*v + 3. Calculate z(-2).
-3
Let q(t) = -t**3 + t**2 - t + 2. Give q(0).
2
Let k(n) = -2*n + 84. Calculate k(0).
84
Let x(n) = -n**3 + 18*n**2 - 18*n + 21. What is x(17)?
4
Let f(q) = -q**3 - 9*q**2 - 16*q - 23. Determine f(-7).
-9
Let p(l) = -5*l - 3. Determine p(-3).
12
Let w(u) = 5*u + 26. Give w(-5).
1
Let d(z) = 3*z**3 - 3*z**2 + z + 1. Calculate d(1).
2
Let t(i) = -i**3 + 5*i**2 - i - 5. Calculate t(4).
7
Let m(v) = -39*v - 241. Give m(-6).
-7
Let h(q) = q + 6. Calculate h(-5).
1
Let w(x) = -x**3 + 3*x**2 - 2*x + 2. Calculate w(2).
2
Let o(a) = -a**2 - 9*a + 31. Calculate o(-13).
-21
Let v(a) = 28*a**2 + 2*a. Give v(1).
30
Let b(y) = -12*y - 1. Determine b(1).
-13
Let c(a) = 7*a - 19. What is c(5)?
16
Let u(f) = -2*f**2 - 4*f + 1. Determine u(-3).
-5
Let o(b) = -3*b + 26. What is o(9)?
-1
Let q(a) = -a**3 + 2*a**2 + 6*a - 9. Determine q(3).
0
Let w(a) = -a**3 + 27*a**2 + 3*a - 77. Calculate w(27).
4
Let p(v) = -14*v**2 - 5*v - 4. Give p(-2).
-50
Let a(m) = -m**3 - 6*m**2 + 8*m + 3. Give a(-6).
-45
Let p(b) = -b**2 + 2*b + 22. Determine p(6).
-2
Let q(z) = z**3 - 7*z**2 - 9*z + 6. What is q(8)?
-2
Let d(r) = -2*r**2 - 12. Determine d(-4).
-44
Let w(j) = j**3 + 11*j**2 + 3*j + 185. Calculate w(-12).
5
Let q(f) = 2*f + 1. Give q(7).
15
Let y(m) = -m**3 - 9*m**2 - 9*m - 18. Give y(-8).
-10
Let d(q) = 19*q + 269. Calculate d(-15).
-16
Let t(o) = -o**3 + 27*o**2 - 140*o + 5. Calculate t(20).
5
Let h(n) = n**3 + 12*n**2 + 8*n - 21. Give h(-11).
12
Let u(k) = -k**3 + 24*k**2 + 2*k - 58. Determine u(24).
-10
Let m(p) = -2*p**2 + 18*p - 29. Calculate m(7).
-1
Let s(v) = v**2 - 20*v + 23. What is s(19)?
4
Let o(y) = -3*y**2 - 39*y - 10. Calculate o(-13).
-10
Let j(m) = m - 79. Determine j(12).
-67
Let z(i) = 39*i - 7. Give z(2).
71
Let q(u) = -5*u**2 - 31*u - 13. Give q(-6).
-7
Let u(r) = r**3 + 8*r**2 + 8*r + 9. What is u(-7)?
2
Let m(u) = -5*u + 84. Determine m(19).
-11
Let o(i) = 2*i**2 - 138*i + 129. Calculate o(68).
-7
Let j(k) = -k**3 + 15*k**2 - 17*k + 29. Determine j(14).
-13
Let w(c) = -c**2 + 17*c - 6. Determine w(16).
10
Let j(d) = d**3 - 5*d**2 - 3*d - 3. Calculate j(7).
74
Let n(t) = 70*t + 74. Calculate n(-1).
4
Let y(g) = g - 4. What is y(2)?
-2
Let t(h) = -h + 25. What is t(8)?
17
Let l(d) = d**3 - 28*d**2 - 31*d + 42. Calculate l(29).
-16
Let h(f) = 10*f - 81. Give h(9).
9
Let c(k) = -10*k + 16. What is c(7)?
-54
Let y(l) = l**2 - 6*l - 2. Calculate y(5).
-7
Let f(l) = 4*l**2 + l + 1. Calculate f(3).
40
Let l(h) = -25*h - 102. What is l(-5)?
23
Let k(i) = i**3 - 8*i**2 + 4*i - 11. Calculate k(8).
21
Let b(a) = 12*a - 199. Calculate b(18).
17
Let w(k) = -k**2 + 4*k - 4. Calculate w(5).
-9
Let a(i) = -i**2 + 2*i - 4. Give a(-3).
-19
Let o(u) = 65*u + 10. Give o(1).
75
Let l(b) = -b**3 - 9*b**2 - b + 2. Give l(-6).
-100
Let d(w) = 16*w + 249. Calculate d(-15).
9
Let m(j) = j**3 - 4*j**2 - 5*j + 16. Give m(2).
-2
Let x(g) = -g**2 - 10*g - 22. Determine x(-6).
2
Let z(t) = t**2 + 9*t - 6. What is z(-8)?
-14
Let g(r) = -r**3 + 6*r**2 - 9*r - 3. What is g(4)?
-7
Let t(j) = j**3 - 9*j**2 + 9*j + 13. What is t(8)?
21
Let a(v) = -7*v + 4. Determine a(-2).
18
Let m(p) = p**3 - 9*